{"id":308,"date":"2020-11-26T10:10:08","date_gmt":"2020-11-26T09:10:08","guid":{"rendered":"http:\/\/w2.atez.es\/?page_id=308"},"modified":"2023-03-13T11:37:10","modified_gmt":"2023-03-13T10:37:10","slug":"plan-urbanistico","status":"publish","type":"page","link":"http:\/\/www.atez.es\/es\/ayuntamiento\/plan-urbanistico\/","title":{"rendered":"Plan Urban\u00edstico"},"content":{"rendered":"<p><a href=\"http:\/\/w2.atez.es\/wp-content\/uploads\/2020\/11\/NORMATIVA-URBANISTICA-PLAN-GENERAL-MUNICIPAL.pdf\" class=\"mtli_attachment mtli_pdf\">Normativa urban\u00edstica Plan General Municipal<\/a><\/p>\n<p><a href=\"http:\/\/w2.atez.es\/wp-content\/uploads\/2020\/11\/ORDENANZAS-PLAN-GENERAL-MUNICIPAL.pdf\" class=\"mtli_attachment mtli_pdf\">Ordenanzas Plan General Municipal<\/a><\/p>\n<p><a href=\"https:\/\/bon.navarra.es\/es\/anuncio\/-\/texto\/2022\/255\/33\">Modificaci\u00f3n ordenanza edificaci\u00f3n<\/a><\/p>\n<p><a href=\"https:\/\/bon.navarra.es\/es\/anuncio\/-\/texto\/2011\/90\/5\">Normativa urban\u00edstica del plan general municipal &#8211;\u00a0 BOLET\u00cdN N\u00ba 90 &#8211; 12 de mayo de 2011\u00a0<\/a><\/p>\n","protected":false},"excerpt":{"rendered":"<p>Normativa urban\u00edstica Plan General Municipal Ordenanzas Plan General Municipal Modificaci\u00f3n ordenanza edificaci\u00f3n Normativa urban\u00edstica del plan general municipal &#8211;\u00a0 BOLET\u00cdN N\u00ba 90 &#8211; 12 de mayo de 2011\u00a0<\/p>\n","protected":false},"author":1,"featured_media":0,"parent":7,"menu_order":2,"comment_status":"closed","ping_status":"closed","template":"","meta":{"footnotes":""},"_links":{"self":[{"href":"http:\/\/www.atez.es\/es\/wp-json\/wp\/v2\/pages\/308"}],"collection":[{"href":"http:\/\/www.atez.es\/es\/wp-json\/wp\/v2\/pages"}],"about":[{"href":"http:\/\/www.atez.es\/es\/wp-json\/wp\/v2\/types\/page"}],"author":[{"embeddable":true,"href":"http:\/\/www.atez.es\/es\/wp-json\/wp\/v2\/users\/1"}],"replies":[{"embeddable":true,"href":"http:\/\/www.atez.es\/es\/wp-json\/wp\/v2\/comments?post=308"}],"version-history":[{"count":9,"href":"http:\/\/www.atez.es\/es\/wp-json\/wp\/v2\/pages\/308\/revisions"}],"predecessor-version":[{"id":1132,"href":"http:\/\/www.atez.es\/es\/wp-json\/wp\/v2\/pages\/308\/revisions\/1132"}],"up":[{"embeddable":true,"href":"http:\/\/www.atez.es\/es\/wp-json\/wp\/v2\/pages\/7"}],"wp:attachment":[{"href":"http:\/\/www.atez.es\/es\/wp-json\/wp\/v2\/media?parent=308"}],"curies":[{"name":"wp","href":"https:\/\/api.w.org\/{rel}","templated":true}]}}

Plan Urbanístico

<p><a href="http://w2.atez.es/wp-content/uploads/2020/11/NORMATIVA-URBANISTICA-PLAN-GENERAL-MUNICIPAL.pdf" class="mtli_attachment mtli_pdf">Normativa urbanística Plan General Municipal</a></p>
<p><a href="http://w2.atez.es/wp-content/uploads/2020/11/ORDENANZAS-PLAN-GENERAL-MUNICIPAL.pdf" class="mtli_attachment mtli_pdf">Ordenanzas Plan General Municipal</a></p>
<p><a href="https://bon.navarra.es/es/anuncio/-/texto/2022/255/33">Modificación ordenanza edificación</a></p>
<p><a href="https://bon.navarra.es/es/anuncio/-/texto/2011/90/5">Normativa urbanística del plan general municipal &#8211;  BOLETÍN Nº 90 &#8211; 12 de mayo de 2011 </a></p>

<p>Normativa urbanística Plan General Municipal Ordenanzas Plan General Municipal Modificación ordenanza edificación Normativa urbanística del plan general municipal &#8211;  BOLETÍN Nº 90 &#8211; 12 de mayo de 2011 </p>
