{"id":272,"date":"2020-09-10T11:02:24","date_gmt":"2020-09-10T09:02:24","guid":{"rendered":"http:\/\/w2.atez.es\/?page_id=272"},"modified":"2026-04-16T09:31:42","modified_gmt":"2026-04-16T07:31:42","slug":"organizacion-municipal","status":"publish","type":"page","link":"http:\/\/www.atez.es\/es\/organizacion-municipal\/","title":{"rendered":"Organizaci\u00f3n municipal"},"content":{"rendered":"<p><strong>Comisi\u00f3n gestora:<\/strong><\/p>\n<p><strong>Alcalde: <\/strong>Mikel Jokin Martin Garijo<\/p>\n<p><strong>Concejales\/as:<\/strong><\/p>\n<ul>\n<li>Josemari Larra\u00f1egi Tirapu<\/li>\n<li>Iranzu Azpiroz Erviti<\/li>\n<li>Goiz Argi Santxo Gaskue<\/li>\n<li>Paula Ibero Baraibar<\/li>\n<\/ul>\n<p><strong>Secretario:<\/strong> Daniel Gonz\u00e1lez Urd\u00e1niz<\/p>\n","protected":false},"excerpt":{"rendered":"<p>Comisi\u00f3n gestora: Alcalde: Mikel Jokin Martin Garijo Concejales\/as: Josemari Larra\u00f1egi Tirapu Iranzu Azpiroz Erviti Goiz Argi Santxo Gaskue Paula Ibero Baraibar Secretario: Daniel Gonz\u00e1lez Urd\u00e1niz<\/p>\n","protected":false},"author":2,"featured_media":0,"parent":0,"menu_order":0,"comment_status":"closed","ping_status":"closed","template":"","meta":{"footnotes":""},"_links":{"self":[{"href":"http:\/\/www.atez.es\/es\/wp-json\/wp\/v2\/pages\/272"}],"collection":[{"href":"http:\/\/www.atez.es\/es\/wp-json\/wp\/v2\/pages"}],"about":[{"href":"http:\/\/www.atez.es\/es\/wp-json\/wp\/v2\/types\/page"}],"author":[{"embeddable":true,"href":"http:\/\/www.atez.es\/es\/wp-json\/wp\/v2\/users\/2"}],"replies":[{"embeddable":true,"href":"http:\/\/www.atez.es\/es\/wp-json\/wp\/v2\/comments?post=272"}],"version-history":[{"count":6,"href":"http:\/\/www.atez.es\/es\/wp-json\/wp\/v2\/pages\/272\/revisions"}],"predecessor-version":[{"id":2072,"href":"http:\/\/www.atez.es\/es\/wp-json\/wp\/v2\/pages\/272\/revisions\/2072"}],"wp:attachment":[{"href":"http:\/\/www.atez.es\/es\/wp-json\/wp\/v2\/media?parent=272"}],"curies":[{"name":"wp","href":"https:\/\/api.w.org\/{rel}","templated":true}]}}

Organización municipal

<p><strong>Comisión gestora:</strong></p>
<p><strong>Alcalde: </strong>Mikel Jokin Martin Garijo</p>
<p><strong>Concejales/as:</strong></p>
<ul>
<li>Josemari Larrañegi Tirapu</li>
<li>Iranzu Azpiroz Erviti</li>
<li>Goiz Argi Santxo Gaskue</li>
<li>Paula Ibero Baraibar</li>
</ul>
<p><strong>Secretario:</strong> Daniel González Urdániz</p>

<p>Comisión gestora: Alcalde: Mikel Jokin Martin Garijo Concejales/as: Josemari Larrañegi Tirapu Iranzu Azpiroz Erviti Goiz Argi Santxo Gaskue Paula Ibero Baraibar Secretario: Daniel González Urdániz</p>
